Let h be c(d). What is the remainder when h/5 + 24/(-120) is divided by 8?
5
Suppose 109*u = 110*u + g - 124, 2*u - 245 = -3*g. Suppose 0 = 3*v - 3 - 138. Calculate the remainder when u is divided by v.
33
Suppose 3 + 12 = -3*y, 0 = -2*r - 5*y - 275. Let a = 183 + r. Calculate the remainder when a is divided by 17.
7
Let l(r) = -920*r - 17882. Calculate the remainder when l(-20) is divided by 371.
147
What is the remainder when 995 is divided by 8/16*-36*9/(-6)?
23
Suppose 200 - 767 = -5*g + m, -m = 3*g - 345. What is the remainder when 122 is divided by g?
8
Let r = -488 + 490. Suppose r*q + 40 = k, -3*k + 5*q = 2*q - 114. Calculate the remainder when k is divided by 22.
14
Let v(q) = -3*q**2 + 79*q - 186. What is the remainder when 122 is divided by v(23)?
34
Suppose 3*i - 4*i + 2 = 0. Suppose 34 = -i*j + 4*j. Suppose 3*g - 7*s - 253 = -5*s, -g + 91 = -4*s. Calculate the remainder when g is divided by j.
15
Let l = -1698 - -1944. What is the remainder when l is divided by 85?
76
Suppose 3*p - 509 = -11*h + 6*h, -4*p + 671 = -h. Calculate the remainder when 8/84 - (-23336)/p is divided by 8.
3
Suppose -3*y + 183 = 3*x, -44*x - 6 = -45*x. What is the remainder when 487 is divided by y?
47
Suppose 522*s + 1754 = l + 525*s, 2*l + 2*s - 3488 = 0. What is the remainder when l is divided by 275?
89
Let g = 4157 - 4147. Calculate the remainder when 6338 is divided by g.
8
Let j be 16/12 + (-14)/(-3). Let d be j - (3 + -12)/(-3). Suppose s = l + 41, d*s + 6*l - 3*l = 135. Calculate the remainder when s is divided by 15.
13
Let k = 38 + -35. Suppose 2*j - 40 = -k*j. Let i(d) = -d + 29. What is the remainder when i(9) is divided by j?
4
Suppose 675*a - 678*a = 3*w - 123, -4*a + 5*w = -155. What is the remainder when 3117 is divided by a?
37
Suppose -132*g - 149 = -137*g - 2*l, 2*g - 2*l - 40 = 0. Calculate the remainder when 1082 is divided by g.
2
Suppose 5*b = 3*b + 2*c + 6, 0 = -3*b - 5*c - 15. Suppose b*x + 16 = 3*x - 4*m, -5*m = x + 1. Let o = 22 + -9. Calculate the remainder when o is divided by x.
1
Suppose -5*s + 1224 = -52*g + 49*g, 489 = 2*s - g. What is the remainder when s is divided by 90?
63
Let a(g) = -56*g + 39. Let t be a(7). Let z = t + 487. Calculate the remainder when z is divided by 17.
15
Suppose 5*f + 179*y - 5419 = 175*y, 5*y - 4328 = -4*f. Calculate the remainder when f is divided by 33.
31
Let i(t) = -3*t**3 + 36*t**2 + 3*t - 47. What is the remainder when 4676 is divided by i(10)?
12
Let w = 847 - 845. Suppose 0 = -w*a - 5*y + 493, -a + 14*y - 9*y + 224 = 0. Calculate the remainder when a is divided by 41.
34
Suppose 0 = p - 21 - 18. Suppose -4*s - 34 = -314. What is the remainder when s is divided by p?
31
Suppose 3*m = 3*a - 17 - 493, 5*m - 880 = -5*a. Suppose -16*c + 15*c + a = -b, -346 = -2*c - 5*b. What is the remainder when c is divided by 8?
5
Suppose 0 = -p - 3*b + 45, 2*b = 2*p - 2*b - 150. Calculate the remainder when p is divided by 48.
15
Suppose 3*a - 2*o - 87 = 497, a - 200 = 2*o. Calculate the remainder when 760 is divided by a.
184
Let q be -19 + 70 - (-4 + -1). Let j = -5 + q. What is the remainder when 144 is divided by j?
42
Suppose 23 + 19 = 5*l + h, -2*l - 4*h + 6 = 0. Let s(z) = 6*z + 15. Let y be s(l). Calculate the remainder when 50 is divided by (-2)/8 - y/(-4).
16
Calculate the remainder when (-340)/17*(4944/72)/((-5)/3) is divided by 67.
20
What is the remainder when 351 is divided by -5*2/(-120) + 1004/48?
15
Suppose 12817*n - 12812*n = 20, 3*n - 1278 = -3*t. Suppose 145 = 4*m - 43. Calculate the remainder when t is divided by m.
46
Suppose 0 = v + 3*v - 3016. Suppose -4*d + 50 = -4*o - v, 0 = 3*o + 15. Calculate the remainder when (2/12 - 3/(-9))*d is divided by 34.
30
Suppose 3*s + 5*v - 9 = 7, 0 = -s - v + 4. Suppose s*z - 48 = 120. Calculate the remainder when 328 is divided by z.
76
Suppose 280*h + 99*h - 9475 = 0. Let t = -14 - -31. Suppose 2*i = 9 + t. Calculate the remainder when h is divided by i.
12
Suppose 9*u - 523 - 62 = 0. What is the remainder when 205 is divided by u + -2 + (5 - -2)?
65
Suppose -624*p - 834 = -4*l - 630*p, -3*l = -4*p - 600. Calculate the remainder when 4077 is divided by l.
201
Let v(q) = 4*q**2 - 12*q + 23. Let b = -106 - -183. What is the remainder when b is divided by v(3)?
8
Let v = -60 + 84. Calculate the remainder when -4 + ((-885)/(-10))/(2/(8/3)) is divided by v.
18
Let t = 1207 + -675. Calculate the remainder when t is divided by 36.
28
Let b be (-2)/(-9) - (2 + 23016/54). Let n = 165 - 109. What is the remainder when n is divided by (-3)/(-5) + b/(-20)?
12
Suppose 0 = -0*q - 2*q - 40. Let x be 1/4 + (-15)/q + 198. Suppose -2*m + m + j = -191, -m - 3*j = -x. Calculate the remainder when m is divided by 14.
11
Let l = 24 + -21. Suppose 2*v + l*u - 104 = 0, -4*v - 2*u = -5*u - 226. Calculate the remainder when v + -31 + ((-1)/(-1) - -1) is divided by 9.
8
Suppose -2 = 2*q - 12. Let y = 10 + -22. Calculate the remainder when ((-66)/(-44))/((-2)/y) is divided by q.
4
Let q = -1320 + 1472. Calculate the remainder when 408 is divided by q.
104
What is the remainder when 1783 is divided by (-1935)/(-20) - 550/200?
91
Let z be (-2)/(-8) + 73909/44. Suppose z = 16*l - 592. Let y(s) = 2*s**2 + s. What is the remainder when l is divided by y(4)?
34
Suppose 49*m - 236 = 45*m. Calculate the remainder when 94 is divided by m.
35
Let r be 9/2 + (-9)/(-24)*-4. Let t be -10*(-76)/120*4*r. Let q = t - 47. Calculate the remainder when q is divided by 10.
9
Let x = 61730 - 61691. Let i(y) = -58*y. What is the remainder when i(-1) is divided by x?
19
Suppose -3*q = -1 - 5, -4*q + 20 = -4*g. Let x be 68/(-16) + g - (-3)/(-4). Calculate the remainder when 16 is divided by 18*-2*2/x.
7
Let z be (-7)/(7/2) + 6 + 14. Suppose -5*i = -z*i. Suppose i = 2*f + 4*m - 122, 0 = 2*f - 4*m + 2*m - 128. Calculate the remainder when f is divided by 13.
11
What is the remainder when (-88)/(-297)*9*369 is divided by 99?
93
Let d(w) = 8*w + 198. What is the remainder when 218 is divided by d(-15)?
62
Let j = 868 + -616. Let l = j + -197. Calculate the remainder when l is divided by 14.
13
Suppose -295 = 209*r - 214*r + 5*w, -4*w = 4*r - 276. What is the remainder when 1071 is divided by r?
47
Let g(h) = -25*h**2 - 2276*h - 27. What is the remainder when 446 is divided by g(-91)?
62
Suppose -4624*u + 4651*u - 729 = 0. Calculate the remainder when 212 is divided by u.
23
Let i(a) = 13*a**2 - a + 2. Let m be (0/(-1 - 2))/1. Suppose m*d = -5*d + 5. Calculate the remainder when 38 is divided by i(d).
10
Let p = -471 + 633. What is the remainder when 590 is divided by p?
104
Let x be (7/(-2) - -3) + 31/(-2). Let y(d) = d**2 + 13*d - 8. Let j be y(x). Suppose 10*l = 15*l - j. Calculate the remainder when l is divided by 3.
2
Suppose -8*z + 3*h = -4*z - 432, 5*h - 295 = -3*z. Suppose 0*v + z = 5*v. Let r(k) = 2*k**3 - k**2. Calculate the remainder when v is divided by r(2).
9
Suppose -14 = -5*j + 11. Let g(z) = 8*z**2 - 10*z - 2. Let o be g(j). Let h = -85 + o. What is the remainder when h is divided by 33?
30
Let p = 162 + -158. Let n(g) = -3*g + 4. Let q be n(-3). Suppose 2*x - q = 5*y + 49, 5*x = -p*y + 89. Calculate the remainder when 35 is divided by x.
14
Let n = 6774 + -6198. Calculate the remainder when n is divided by 35.
16
Suppose 32*y - 968 = 11*y - 254. Calculate the remainder when 166 is divided by y.
30
Let c = -11 - -20. Let o(y) = 4*y**3 + 2*y**2 + y - 3. Let v be o(-2). Let z = v - -71. What is the remainder when z is divided by c?
6
Suppose 4*t = 2*m + 676, 0 = 2*t + 5*m - 88 - 238. Calculate the remainder when 9910 is divided by t.
166
Suppose 5*p - 30 - 5 = -5*n, -2*n + 3*p = -9. Calculate the remainder when 507/n + -4 - (-1)/(-2) is divided by 27.
26
Suppose -11*t + 224 = -4*t. Let r(p) = 122*p**2 + 22*p + 33. Calculate the remainder when r(-2) is divided by t.
29
Let n be 3 - 60/(-8)*10/3. Let l = -29 + n. What is the remainder when (222/(-12))/(((-1)/(-4))/l) is divided by 20?
14
Let x(l) = 10*l + 6. Let y be (2/(-4))/((-12)/48). Let h = 40 + -26. What is the remainder when x(y) is divided by h?
12
Calculate the remainder when 289 is divided by 86 + (-78)/18*3.
70
Let l = -19 - -23. Suppose m = 2*m - l*x - 93, -3*m = -2*x - 269. What is the remainder when m is divided by (-1)